225?
True
Is 18 a factor of 538212103?
False
Is 519691032 a multiple of 168?
True
Is 150 a factor of 2913882395?
False
Does 25 divide 1239391425?
True
Is 10543683 a multiple of 69?
True
Does 102 divide 83968542?
True
Does 6885 divide 468730800?
True
Is 371406660 a multiple of 7223?
True
Is 25 a factor of 139839875?
True
Is 61609508 a multiple of 644?
False
Does 589 divide 218413727?
False
Does 62 divide 54488390?
True
Is 254 a factor of 914687020?
True
Is 514 a factor of 173381452?
True
Does 11 divide 170501?
False
Is 587 a factor of 9814640?
True
Does 2410 divide 6573284640?
True
Is 108660773 a multiple of 13?
True
Does 276 divide 38274300?
True
Does 7 divide 70181951?
True
Is 11 a factor of 272802750?
True
Does 74 divide 2614953617?
False
Is 91 a factor of 533503152?
True
Is 946434828 a multiple of 12?
True
Is 35513792 a multiple of 25?
False
Does 7267 divide 764546536?
True
Is 931 a factor of 48447378?
True
Is 9 a factor of 221960169?
True
Does 4821 divide 157000686?
True
Is 14 a factor of 52948337?
False
Does 249 divide 104390728?
False
Is 74 a factor of 5372951?
False
Is 476 a factor of 38687212?
False
Does 20 divide 14311760?
True
Is 12276875 a multiple of 625?
True
Is 8 a factor of 9361264?
True
Is 39 a factor of 203715380?
False
Is 96937833 a multiple of 3341?
False
Is 337 a factor of 2008937807?
False
Is 17 a factor of 13903360?
False
Is 768 a factor of 4822637568?
True
Is 4860996695 a multiple of 205?
True
Is 949 a factor of 46809860?
False
Is 702 a factor of 128330514?
True
Does 5 divide 64209131?
False
Is 50 a factor of 180541589?
False
Does 795 divide 35687431?
False
Is 2819 a factor of 2287117722?
False
Is 640881649 a multiple of 246?
False
Is 1034333409 a multiple of 113?
True
Is 60738174 a multiple of 798?
True
Does 24 divide 656787797?
False
Does 149 divide 8951747?
False
Is 91574201 even?
False
Does 3277 divide 637514134?
True
Is 112029695 a multiple of 304?
False
Is 12 a factor of 123713496?
True
Is 42 a factor of 2214324?
True
Is 272 a factor of 1257683936?
True
Is 286361637 a multiple of 8036?
False
Does 57 divide 433590222?
True
Is 3212 a factor of 1281413?
False
Is 33181639 a multiple of 20?
False
Is 255552752 a multiple of 4661?
False
Is 42 a factor of 39397680?
True
Does 7 divide 1412595?
False
Is 18301933 a multiple of 40?
False
Does 104 divide 55839296?
False
Does 567 divide 686716380?
True
Does 5328 divide 28504800?
True
Does 6 divide 114843956?
False
Does 9 divide 938126267?
False
Is 430 a factor of 217869820?
True
Does 144 divide 955068048?
True
Is 43 a factor of 1120508061?
True
Is 38 a factor of 73420028?
True
Is 23 a factor of 28519379?
True
Is 1556884894 a multiple of 133?
False
Is 20381333 a multiple of 7?
True
Does 32 divide 185618029?
False
Does 986 divide 31945414?
True
Is 145 a factor of 35388700?
True
Does 142 divide 60451983?
False
Is 343595956 a multiple of 372?
False
Does 281 divide 11330748?
False
Is 772 a factor of 1155033976?
True
Is 3318227087 a multiple of 14499?
False
Is 662 a factor of 255363343?
False
Is 3442642 a multiple of 34?
False
Is 302659278 a multiple of 24?
False
Does 4693 divide 299150592?
True
Is 244262754 a multiple of 417?
True
Does 1149 divide 2061170188?
False
Is 870 a factor of 202345938?
False
Does 438 divide 281068682?
False
Is 19816156 a multiple of 26?
False
Is 368 a factor of 398428816?
True
Is 37 a factor of 48676253?
False
Does 142 divide 5400828?
True
Does 9 divide 271475198?
False
Is 4 a factor of 885488412?
True
Is 30 a factor of 133187841?
False
Is 71764468 a multiple of 13?
False
Is 105 a factor of 165208995?
True
Is 92929641 even?
False
Does 124 divide 1835717080?
True
Does 54 divide 14899876?
False
Is 45 a factor of 1399140?
True
Is 951 a factor of 1210394049?
False
Is 27 a factor of 70653133?
False
Is 4 a factor of 748983766?
False
Is 24 a factor of 42838368?
True
Is 3158460060 a multiple of 3140?
True
Does 68 divide 17456076?
True
Is 89888649 a multiple of 486?
False
Is 9237596 a multiple of 122?
True
Is 309159398 a multiple of 4?
False
Is 606 a factor of 2463548142?
False
Is 29372800 a multiple of 1675?
True
Is 9 a factor of 13917533?
False
Does 210 divide 754916610?
True
Does 5668 divide 1932637113?
False
Does 3 divide 3846630?
True
Is 859 a factor of 61934192?
False
Does 75 divide 319811550?
True
Is 21788361 a multiple of 189?
False
Does 65 divide 7025345?
False
Is 792511510 a multiple of 2590?
True
Is 47 a factor of 22712327?
True
Is 665250 a multiple of 212?
False
Is 3705061 a multiple of 66?
False
Does 710 divide 341774830?
True
Is 154464474 even?
True
Does 182 divide 129211992?
True
Is 40165883 a multiple of 2274?
False
Does 938 divide 35577994?
False
Is 17 a factor of 44133225?
False
Is 28 a factor of 1137864?
True
Is 22405654 a multiple of 32?
False
Does 348 divide 47150956?
False
Is 314160250 a multiple of 590?
True
Is 766 a factor of 2813351778?
True
Does 52 divide 21283705?
False
Is 736483639 a multiple of 1656?
False
Is 1091 a factor of 67647455?
True
Is 138525718 a multiple of 79?
False
Is 277 a factor of 889606910?
False
Is 32 a factor of 182559232?
True
Is 276303000 a multiple of 31?
True
Is 101 a factor of 30278790?
True
Is 49602312 a multiple of 36?
True
Is 165 a factor of 50354040?
True
Is 144 a factor of 63740448?
True
Is 2 a factor of 18774442?
True
Is 482 a factor of 12732994?
True
Is 14 a factor of 2766876?
True
Is 3220162840 a multiple of 8?
True
Does 86 divide 53566304?
True
Is 1904362920 a multiple of 45?
True
Does 5 divide 140176135?
True
Does 102 divide 14279184?
True
Is 1435 a factor of 909808797?
False
Does 7 divide 215604681?
False
Does 1024 divide 33405952?
True
Does 14 divide 726493362?
True
Does 13 divide 199952644?
False
Is 17 a factor of 3725426104?
True
Is 20905187 a multiple of 21?
False
Does 38 divide 11525286?
True
Does 601 divide 199852333?
True
Does 52 divide 118757236?
True
Is 1190 a factor of 642903?
False
Does 971 divide 785025341?
True
Is 56613584 a multiple of 566?
True
Is 33 a factor of 1134082?
False
Does 93 divide 1590814680?
False
Is 55383223 a multiple of 130?
False
Does 23 divide 151620044?
False
Does 134 divide 55118622?
True
Does 16 divide 158591785?
False
Is 31 a factor of 22923012?
True
Is 20764100 a multiple of 35?
True
Does 22 divide 25248260?
False
Is 121 a factor of 4966818956?
False
Is 4 a factor of 1934888?
True
Is 28567539 a multiple of 1661?
True
Is 37554186 a multiple of 834?
True
Does 831 divide 3894922311?
False
Is 117 a factor of 1954233313?
False
Is 472658573 a multiple of 5526?
False
Is 322760263 a multiple of 3073?
True
Is 22568155 a multiple of 101?
False
Is 299 a factor of 1222874573?
False
Is 60 a factor of 5857740?
True
Is 12 a factor of 561888372?
True
Does 18 divide 7270272?
True
Is 4897818 a multiple of 172?
False
Is 204 a factor of 149187089?
False
Does 47 divide 68160128?
False
Does 2275 divide 273635195?
False
Does 5016 divide 334301352?
True
Is 920314 even?
True
Does 858 divide 13590588?
False
Is 561032073 a multiple of 3737?
True
Does 37 divide 665980057?
True
Is 122628025 a multiple of 127?
True
Does 50 divide 19240311?
False
Is 32 a factor of 159880388?
False
Does 48 divide 1591004305?
False
Is 77397363 a multiple of 2307?
False
Is 44580364 a multiple of 10?
False
Is 41556204 a multiple of 1045?
False
Is 350 a factor of 1073176232?
False
Is 52 a factor of 3785151170?
False
Is 624 a factor of 396166737?
False
Is 1089 a factor of 82178118?
True
Is 31989254 a multiple of 22?
True
Is 3396 a factor of 172207764?
True
Does 253 divide 14287577?
False
Is 4487 a factor of 2334146374?
True
Is 1325 a factor of 81051225?
False
Is 294 a factor of 9503256?
True
Does 1059 divide 892573914?
True
Is 198010321 a multiple of 91?
False
Is 1147864840 a multiple of 1143?
False
Is 33993828 a multiple of 18?
True
Is 3 a factor of 2384871?
True
Is 43680974 a multiple of 12?
False
Is 50995180 a multiple of 169?
False
Is 9 a factor of 16019204?
False
Is 93983160 a multiple of 765?
False
Is 312 a factor of 65317200?
True
Is 251214080 a multiple of 26?
True
Does 2444 divide 29885232?
True
Is 27 a factor of 14960709?
False
Is 16981335 a multiple of 555?
True
Is 49009023 a multiple of 4?
False
Is 224 a factor of 56796507?
False
Is 22864840 a multiple of 10?
True
Is 35 a factor of 174183137?
False
Is 527